{"id":679,"date":"2026-02-23T21:33:22","date_gmt":"2026-02-23T20:33:22","guid":{"rendered":"https:\/\/perspective-productions.com\/?page_id=679"},"modified":"2026-02-24T23:23:21","modified_gmt":"2026-02-24T22:23:21","slug":"productions-theatrales","status":"publish","type":"page","link":"https:\/\/perspective-productions.com\/index.php\/fr\/productions-theatrales\/","title":{"rendered":"Productions th\u00e9\u00e2trales"},"content":{"rendered":"\n<h2 class=\"wp-block-heading\" id=\"block-cf36facd-fa2f-4940-bb17-8bd9bfa3c38c\">Nos actualit\u00e9s<\/h2>\n\n\n\n<p><em>F\u00e9vrier 2026<\/em><\/p>\n\n\n\n<h4 class=\"wp-block-heading\" id=\"block-979c21aa-f14f-48d7-be74-bae4e664b748\"><strong><em>Enfantillages<\/em>, de L\u00e9onore Confino<\/strong><\/h4>\n\n\n\n<p id=\"block-1aed5fce-42a8-4afa-bfab-0a22e9283855\">Nous pr\u00e9parons une tourn\u00e9e au UK de la pi\u00e8ce <em>Les Beaux \u2013 Enfantillages<\/em>. Nous sommes ravis de travailler sur ce magnifique texte \u00e9crit par l\u2019autrice franco-suisse L\u00e9nore Confino, et essayons d&#8217;apporter ce texte dans les communaut\u00e9s fran\u00e7aises hors de Londres apr\u00e8s deux runs dans la capitale anglaise.<br><br>Avec Laura Turcatti et David Meslet. Mise en sc\u00e8ne : Alexiane Cazenave.<\/p>\n\n\n\n<p><a href=\"https:\/\/perspective-productions.com\/index.php\/fr\/enfantillages-de-leonore-confino-2\/\" data-type=\"page\" data-id=\"639\">En savoir plus<\/a><\/p>\n\n\n<div class=\"wp-block-image\">\n<figure class=\"aligncenter is-resized\"><img decoding=\"async\" src=\"http:\/\/perspective-productions.com\/wp-content\/uploads\/2023\/10\/enfantillages-1024x1024.jpeg\" alt=\"\" style=\"width:472px;height:auto\"\/><\/figure><\/div>\n\n\n<h2 class=\"wp-block-heading\" id=\"block-ffc3b7f5-305a-4d8f-9a94-4c554ace9087\"><\/h2>\n","protected":false},"excerpt":{"rendered":"<p>Nos actualit\u00e9s F\u00e9vrier 2026 Enfantillages, de L\u00e9onore Confino Nous pr\u00e9parons une tourn\u00e9e au UK de la pi\u00e8ce Les Beaux \u2013 Enfantillages. Nous sommes ravis de travailler sur ce magnifique texte \u00e9crit par l\u2019autrice franco-suisse L\u00e9nore Confino, et essayons d&#8217;apporter ce texte dans les communaut\u00e9s fran\u00e7aises hors de Londres apr\u00e8s deux [&hellip;]<\/p>\n","protected":false},"author":1,"featured_media":0,"parent":0,"menu_order":0,"comment_status":"closed","ping_status":"closed","template":"","meta":{"footnotes":""},"class_list":["post-679","page","type-page","status-publish","hentry"],"_links":{"self":[{"href":"https:\/\/perspective-productions.com\/index.php\/wp-json\/wp\/v2\/pages\/679","targetHints":{"allow":["GET"]}}],"collection":[{"href":"https:\/\/perspective-productions.com\/index.php\/wp-json\/wp\/v2\/pages"}],"about":[{"href":"https:\/\/perspective-productions.com\/index.php\/wp-json\/wp\/v2\/types\/page"}],"author":[{"embeddable":true,"href":"https:\/\/perspective-productions.com\/index.php\/wp-json\/wp\/v2\/users\/1"}],"replies":[{"embeddable":true,"href":"https:\/\/perspective-productions.com\/index.php\/wp-json\/wp\/v2\/comments?post=679"}],"version-history":[{"count":5,"href":"https:\/\/perspective-productions.com\/index.php\/wp-json\/wp\/v2\/pages\/679\/revisions"}],"predecessor-version":[{"id":753,"href":"https:\/\/perspective-productions.com\/index.php\/wp-json\/wp\/v2\/pages\/679\/revisions\/753"}],"wp:attachment":[{"href":"https:\/\/perspective-productions.com\/index.php\/wp-json\/wp\/v2\/media?parent=679"}],"curies":[{"name":"wp","href":"https:\/\/api.w.org\/{rel}","templated":true}]}}