{"id":639,"date":"2026-02-22T22:48:09","date_gmt":"2026-02-22T21:48:09","guid":{"rendered":"https:\/\/perspective-productions.com\/?page_id=639"},"modified":"2026-02-26T11:12:28","modified_gmt":"2026-02-26T10:12:28","slug":"enfantillages-de-leonore-confino-2","status":"publish","type":"page","link":"https:\/\/perspective-productions.com\/index.php\/fr\/enfantillages-de-leonore-confino-2\/","title":{"rendered":"Les Beaux &#8211; Enfantillages de L\u00e9onore Confino"},"content":{"rendered":"\n<p><strong>Une pi\u00e8ce de L\u00e9onore Confino<\/strong><\/p>\n\n\n\n<figure class=\"wp-block-image\" id=\"block-58044f07-054a-4fef-8274-99bfc114d638\"><img decoding=\"async\" src=\"https:\/\/perspective-productions.com\/wp-content\/uploads\/2025\/09\/ENFANTILLAGES-0925-732x1024.png\" alt=\"This image has an empty alt attribute; its file name is ENFANTILLAGES-0925-732x1024.png\"\/><\/figure>\n\n\n\n<p>Mise en sc\u00e8ne par Alexiane Cazenave avec Laura Turcatti et David Meslet.<br>Musique originale de Guillaume Cazenave.<br>Assistante \u00e0 la sc\u00e9nographie : Delphine Leroux.<\/p>\n\n\n\n<p id=\"block-7cdde74c-80d4-40d6-b46d-24e7c3e36781\"><strong>Enfantillages<\/strong> raconte l\u2019histoire d\u2019ELLE et LUI, un couple qui \u00e9l\u00e8ve une petite fille. L\u2019\u00e9criture vive et percutante, parfois dr\u00f4le, nous plonge au c\u0153ur de leurs difficult\u00e9s en tant que famille, parents et individus.<\/p>\n\n\n\n<p>Le spectacle a \u00e9t\u00e9 jou\u00e9 sur plusieurs dates \u00e0 Londres en Mai 2024 au Chelsea theatre puis au Theatro Technis lors du Voil\u00e0 festival en Novembre 2025.<\/p>\n\n\n\n<figure class=\"wp-block-image\" id=\"block-304f5a8e-904a-498a-b14b-e8e6b9e570ab\"><img decoding=\"async\" src=\"http:\/\/perspective-productions.com\/wp-content\/uploads\/2024\/05\/Enfantillages-08-1-1024x731.jpg\" alt=\"This image has an empty alt attribute; its file name is Enfantillages-08-1-1024x731.jpg\"\/><\/figure>\n\n\n\n<p id=\"block-9b60c1c6-99a8-4a01-bd14-f4a99d9df160\">T\u00e9l\u00e9chargez le dossier de pr\u00e9sentation <a href=\"https:\/\/perspective-productions.com\/wp-content\/uploads\/2024\/04\/Press-Kit-Franc%CC%A7ais-1-2.pdf\">Press-Kit-Fran\u00e7ais<\/a><\/p>\n\n\n\n<h2 class=\"wp-block-heading\" id=\"block-b2c0963c-cd47-42fd-bbe2-04585083a925\">L&#8217;\u00e9quipe<\/h2>\n\n\n\n<figure class=\"wp-block-image\" id=\"block-64b11f7f-40ad-4cd0-b669-416354bdfe33\"><img decoding=\"async\" src=\"https:\/\/perspective-productions.com\/wp-content\/uploads\/2024\/03\/PERSPECTIVE-groupe-avec-logo.png\" alt=\"This image has an empty alt attribute; its file name is PERSPECTIVE-groupe-avec-logo.png\"\/><\/figure>\n\n\n\n<h2 class=\"wp-block-heading\"><strong>Laura Turcatti \u2013 com\u00e9dienne<\/strong><\/h2>\n\n\n\n<div class=\"wp-block-media-text alignwide is-stacked-on-mobile is-vertically-aligned-top\" style=\"grid-template-columns:42% auto\"><figure class=\"wp-block-media-text__media\"><img decoding=\"async\" src=\"http:\/\/perspective-productions.com\/wp-content\/uploads\/2024\/04\/Laura-New-Headshot-2-819x1024.jpeg\" alt=\"\"\/><\/figure><div class=\"wp-block-media-text__content\">\n<p>Laura est \u00ab ELLE \u00bb dans la pi\u00e8ce <em>Enfantillages<\/em> de L\u00e9onore Confino. Elle vit \u00e0 Londres et est d\u2019origine suisse-uruguayenne.<\/p>\n\n\n\n<p>Laura est dipl\u00f4m\u00e9e du prestigieux Cours Florent (classe libre) en 2012. Elle a travaill\u00e9 avec diff\u00e9rents metteurs en sc\u00e8ne tels que Philippe Duclos (<em>Tartuffe<\/em> de Moli\u00e8re), Laurent Natrella (adaptations des pi\u00e8ces de Victor Hugo), le collectif Les Poss\u00e9d\u00e9s (<em>Stilla Vaten<\/em> de Lars Nor\u00e9n), ou encore avec Hugo Horsin pour <em>La Fabrique<\/em>, une cr\u00e9ation m\u00ealant clown et musique, r\u00e9compens\u00e9e \u00e0 de nombreuses reprises.<\/p>\n\n\n\n<p>Tout au long de sa carri\u00e8re, Laura a explor\u00e9 diff\u00e9rents styles de jeu. Passionn\u00e9e d\u2019improvisation, elle fait partie de la populaire French British Improvisation League (FBI). Elle a repr\u00e9sent\u00e9 la Suisse lors du match international d\u2019improvisation qui s\u2019est tenu \u00e0 Londres en 2023.<\/p>\n\n\n\n<p>Laura est \u00e9galement l\u2019une des cofondatrices du collectif Onzala (production de films). Leur film <em>100 Lendemains<\/em> a remport\u00e9 quatre prix au 48h Film Festival UK, dont celui de la meilleure actrice pour Laura.<\/p>\n\n\n\n<p>R\u00e9cemment, Laura est apparue dans la s\u00e9rie t\u00e9l\u00e9vis\u00e9e fran\u00e7aise \u00e0 succ\u00e8s Sc\u00e8nes de M\u00e9nages.<\/p>\n<\/div><\/div>\n\n\n\n<h2 class=\"wp-block-heading\" id=\"block-dc9c1b91-ec4a-4a6e-8ece-4706677690da\"><strong>David Meslet \u2013 com\u00e9dien<\/strong><\/h2>\n\n\n\n<div class=\"wp-block-media-text alignwide has-media-on-the-right is-stacked-on-mobile is-vertically-aligned-top\" style=\"grid-template-columns:auto 44%\"><div class=\"wp-block-media-text__content\">\n<p>David est \u00ab LUI \u00bb dans la pi\u00e8ce <em>Enfantillages<\/em> de L\u00e9onore Confino. Originaire de Lyon, il est dipl\u00f4m\u00e9 de l\u2019\u00c9cole de Management de Lyon, Programme Grande \u00c9cole.<\/p>\n\n\n\n<p>Form\u00e9 \u00e0 la technique Meisner (avec Keith Farquhar), il s\u2019est \u00e9galement form\u00e9 au Method Acting avec Robert Castle du Lee Strasberg Theatre and Film Institute \u00e0 New York.<\/p>\n\n\n\n<p>Sur sc\u00e8ne, il a jou\u00e9 dans de nombreux spectacles d\u2019improvisation et est cofondateur des \u00e9quipes Royal Gambas et \u00c9quipe Bis. Il enseigne l\u2019improvisation dans une \u00e9cole de th\u00e9\u00e2tre ainsi que dans une \u00e9cole de com\u00e9die musicale.<\/p>\n\n\n\n<p>\u00c0 son arriv\u00e9e \u00e0 Londres, David a rejoint la populaire French British Improvisation League (FBI) et a fond\u00e9 la compagnie d\u2019improvisation long-form Valet de C\u0153ur.<\/p>\n\n\n\n<p>David a jou\u00e9 les premiers r\u00f4les dans deux longs m\u00e9trages ind\u00e9pendants. Il a \u00e9t\u00e9 nomm\u00e9 dans la cat\u00e9gorie Meilleur acteur au 48H Film Festival UK pour le film <em>100 Lendemains<\/em>.<\/p>\n\n\n\n<p>David est \u00e9galement com\u00e9dien de doublage et a notamment \u00e9t\u00e9 la voix fran\u00e7aise de Russell Crowe et Dominic Purcell.<\/p>\n<\/div><figure class=\"wp-block-media-text__media\"><img decoding=\"async\" src=\"https:\/\/perspective-productions.com\/wp-content\/uploads\/2023\/11\/WhatsApp-Image-2023-11-21-at-20.28.49-1-683x1024.jpeg\" alt=\"\"\/><\/figure><\/div>\n\n\n\n<h2 class=\"wp-block-heading\" id=\"block-db0ef76f-521b-4eb8-bc48-2f033f32274b\"><strong>Alexiane Cazenave \u2013 metteuse en sc\u00e8ne<\/strong><\/h2>\n\n\n\n<div class=\"wp-block-media-text alignwide is-stacked-on-mobile is-vertically-aligned-top\"><figure class=\"wp-block-media-text__media\"><img decoding=\"async\" src=\"https:\/\/perspective-productions.com\/wp-content\/uploads\/2023\/11\/Alexiane-Cazenave-2-682x1024.jpg\" alt=\"\"\/><\/figure><div class=\"wp-block-media-text__content\">\n<p>Alexiane est com\u00e9dienne et metteuse en sc\u00e8ne fran\u00e7aise. Elle s\u2019est install\u00e9e \u00e0 Londres en 2012.<\/p>\n\n\n\n<p>D\u2019abord form\u00e9e au th\u00e9\u00e2tre classique, elle se sp\u00e9cialise ensuite dans la technique Meisner, tout en explorant le mime, la commedia dell\u2019arte ou encore le th\u00e9\u00e2tre N\u00f4. Ces diff\u00e9rentes approches du jeu et du travail sc\u00e9nique influencent aujourd\u2019hui sa pratique de la mise en sc\u00e8ne.<\/p>\n\n\n\n<p>Aujourd\u2019hui, Alexiane est responsable du d\u00e9partement th\u00e9\u00e2tre d\u2019ArtFabric London, pour lequel elle enseigne le th\u00e9\u00e2tre en fran\u00e7ais \u00e0 travers Londres et met en sc\u00e8ne des spectacles tout au long de l\u2019ann\u00e9e.<\/p>\n\n\n\n<p>R\u00e9cemment, elle a mis en sc\u00e8ne <em>Dear Humans<\/em> de Simon Wroe, pr\u00e9sent\u00e9 au Cadogan Hall en mai 2023. Elle travaille actuellement sur un nouveau spectacle, <em>Caff\u00e8 L\u00e9onardo<\/em>, qui sera pr\u00e9sent\u00e9 au Cadogan Hall en mai 2024.<\/p>\n<\/div><\/div>\n\n\n\n<h2 class=\"wp-block-heading\" id=\"block-b4f2d427-8050-4993-8894-6ec8f438ff7e\"><strong>Guillaume Cazenave \u2013 compositeur<\/strong><\/h2>\n\n\n\n<div class=\"wp-block-media-text alignwide has-media-on-the-right is-stacked-on-mobile is-vertically-aligned-top\" style=\"grid-template-columns:auto 37%\"><div class=\"wp-block-media-text__content\">\n<p>Depuis plus de 25 ans, Guillaume travaille comme compositeur, \u00e0 la fois sur ses projets personnels (il a r\u00e9alis\u00e9 plusieurs albums, explorant diff\u00e9rents styles et concepts) et sur des projets commerciaux (films institutionnels, publicit\u00e9s, jeux vid\u00e9o, films).<\/p>\n\n\n\n<p>Sa musique peut \u00eatre d\u00e9crite comme une recherche permanente de nouvelles atmosph\u00e8res et de textures sonores.<\/p>\n\n\n\n<p>Guillaume est \u00e9galement auteur, et son prochain roman, <em>Ma<\/em>, une saga de fantasy, para\u00eetra prochainement.<\/p>\n\n\n\n<p><a href=\"http:\/\/theoddgallant.com\/\">D\u00e9couvrez davantage le travail de Guillaume ici.<\/a><\/p>\n<\/div><figure class=\"wp-block-media-text__media\"><img decoding=\"async\" src=\"http:\/\/perspective-productions.com\/wp-content\/uploads\/2024\/04\/Guillaume-portrait-2-724x1024.png\" alt=\"\"\/><\/figure><\/div>\n\n\n\n<h2 class=\"wp-block-heading\" id=\"block-50af1a03-bae8-4ac6-adc7-a2d91e3a0d8f\">Et l&#8217;auteur ?<\/h2>\n\n\n\n<figure class=\"wp-block-image\"><img decoding=\"async\" src=\"https:\/\/perspective-productions.com\/wp-content\/uploads\/2023\/11\/leonoreconfino-1024x684.jpeg\" alt=\"Photo \u00a9 Sarah Robine\n\"\/><figcaption class=\"wp-element-caption\">Photo \u00a9 Sarah Robine<\/figcaption><\/figure>\n\n\n\n<h4 class=\"wp-block-heading\" id=\"block-24d1f33e-27e0-4b0d-8af4-de227f833fdc\">L\u00e9onore Confino<\/h4>\n\n\n\n<p>Autrice et com\u00e9dienne, L\u00e9onore Confino s\u2019est enfuie \u00e0 l\u2019\u00e2ge de 16 ans \u00e0 Montr\u00e9al pour se perfectionner en trap\u00e8ze. \u00c0 son retour, elle entame une carri\u00e8re de com\u00e9dienne tout en \u00e9tudiant le documentaire \u00e0 l\u2019ESEC.<\/p>\n\n\n\n<p>En 2001, elle est s\u00e9lectionn\u00e9e par l\u2019Adami parmi les jeunes talents les plus prometteurs et joue dans une pi\u00e8ce de Tchekhov mise en sc\u00e8ne par Niels Arestrup. Elle travaille ensuite avec Jean-Claude Penchenat, Serge Lipszyc et Catherine Schaub.<\/p>\n\n\n\n<p>C\u2019est au fil de ses diff\u00e9rents engagements, en observant son environnement, les \u00eatres et les situations, que l\u2019\u00e9criture s\u2019impose \u00e0 elle. Le d\u00e9sir d\u2019\u00e9crire \u00e0 plein temps se confirme \u00e0 la d\u00e9couverte de Levin, Schisgal, Pinter et Schimmelpfennig.<\/p>\n\n\n\n<p>En 2009, elle entame l\u2019\u00e9criture d\u2019un triptyque dont la premi\u00e8re pi\u00e8ce, <em>RING<\/em>, est suivie de <em>BUILDING<\/em> en 2010, o\u00f9 elle interroge nos \u00e9checs et nos failles quotidiennes. <em>BUILDING<\/em> re\u00e7oit le Grand Prix du Th\u00e9\u00e2tre 2011. Elle \u00e9crit ensuite le troisi\u00e8me volet du triptyque, <em>LES UNS SUR LES AUTRES<\/em>, centr\u00e9 sur une famille et les relations entre ses membres.<\/p>\n\n\n\n<p>Les trois pi\u00e8ces sont mises en sc\u00e8ne par Catherine Schaub et publi\u00e9es aux \u00e9ditions L\u2019\u0152il du Prince.<\/p>\n\n\n\n<p><em>RING<\/em> est nomm\u00e9 Meilleur auteur lors de la c\u00e9r\u00e9monie des Moli\u00e8res en 2014.<\/p>\n\n\n\n<h2 class=\"wp-block-heading\" id=\"block-e467b83c-6fc6-4ddf-adca-bd1d877ddc5e\">Ce que  dit le public :<\/h2>\n\n\n\n<blockquote class=\"wp-block-quote is-layout-flow wp-block-quote-is-layout-flow\">\n<figure class=\"wp-block-image is-resized\" id=\"block-4a0d9617-65a2-448d-893d-b6a14f987780\"><a href=\"https:\/\/perspective-productions.com\/index.php\/2024\/05\/06\/enfantillages-leave-a-review\/\"><img decoding=\"async\" src=\"https:\/\/static.vecteezy.com\/system\/resources\/previews\/020\/539\/492\/non_2x\/five-stars-rating-button-yellow-rating-stars-on-white-background-free-vector.jpg\" alt=\"Five Star Rating Vector Art, Icons, and Graphics for Free Download\" style=\"width:97px;height:auto\"\/><\/a><\/figure>\n\n\n\n<p id=\"block-2ab3ee2f-322f-481d-8e37-77d44350476e\">&#8220;Fantastic !&#8221; Diego<\/p>\n<\/blockquote>\n\n\n\n<blockquote class=\"wp-block-quote is-layout-flow wp-block-quote-is-layout-flow\">\n<figure class=\"wp-block-image is-resized\" id=\"block-4a0d9617-65a2-448d-893d-b6a14f987780\"><a href=\"https:\/\/perspective-productions.com\/index.php\/2024\/05\/06\/enfantillages-leave-a-review\/\"><img decoding=\"async\" src=\"https:\/\/static.vecteezy.com\/system\/resources\/previews\/020\/539\/492\/non_2x\/five-stars-rating-button-yellow-rating-stars-on-white-background-free-vector.jpg\" alt=\"Five Star Rating Vector Art, Icons, and Graphics for Free Download\" style=\"width:97px;height:auto\"\/><\/a><\/figure>\n\n\n\n<p id=\"block-4f7d962b-882f-48d7-92e2-8be48757413e\">&#8220;Un vrai et beau tourbillon, \u00e0 ne pas manquer, vraiment.&#8221;<br>Nico<\/p>\n<\/blockquote>\n\n\n\n<figure class=\"wp-block-image is-resized\" id=\"block-4a0d9617-65a2-448d-893d-b6a14f987780\"><a href=\"https:\/\/perspective-productions.com\/index.php\/2024\/05\/06\/enfantillages-leave-a-review\/\"><img decoding=\"async\" src=\"https:\/\/static.vecteezy.com\/system\/resources\/previews\/020\/539\/492\/non_2x\/five-stars-rating-button-yellow-rating-stars-on-white-background-free-vector.jpg\" alt=\"Five Star Rating Vector Art, Icons, and Graphics for Free Download\" style=\"width:191px;height:auto\"\/><\/a><\/figure>\n\n\n\n<p id=\"block-ea2c2f63-a45d-4ce8-b519-2ce6adc45ef1\"><a href=\"https:\/\/perspective-productions.com\/index.php\/2024\/05\/06\/enfantillages-leave-a-review\/\">Lisez tous les commentaires du public ici<\/a><canvas height=\"688\" width=\"2434\"><\/canvas><\/p>\n\n\n\n<p><\/p>\n","protected":false},"excerpt":{"rendered":"<p>Une pi\u00e8ce de L\u00e9onore Confino Mise en sc\u00e8ne par Alexiane Cazenave avec Laura Turcatti et David Meslet.Musique originale de Guillaume Cazenave.Assistante \u00e0 la sc\u00e9nographie : Delphine Leroux. Enfantillages raconte l\u2019histoire d\u2019ELLE et LUI, un couple qui \u00e9l\u00e8ve une petite fille. L\u2019\u00e9criture vive et percutante, parfois dr\u00f4le, nous plonge au c\u0153ur [&hellip;]<\/p>\n","protected":false},"author":1,"featured_media":0,"parent":0,"menu_order":0,"comment_status":"closed","ping_status":"closed","template":"","meta":{"footnotes":""},"class_list":["post-639","page","type-page","status-publish","hentry"],"_links":{"self":[{"href":"https:\/\/perspective-productions.com\/index.php\/wp-json\/wp\/v2\/pages\/639","targetHints":{"allow":["GET"]}}],"collection":[{"href":"https:\/\/perspective-productions.com\/index.php\/wp-json\/wp\/v2\/pages"}],"about":[{"href":"https:\/\/perspective-productions.com\/index.php\/wp-json\/wp\/v2\/types\/page"}],"author":[{"embeddable":true,"href":"https:\/\/perspective-productions.com\/index.php\/wp-json\/wp\/v2\/users\/1"}],"replies":[{"embeddable":true,"href":"https:\/\/perspective-productions.com\/index.php\/wp-json\/wp\/v2\/comments?post=639"}],"version-history":[{"count":9,"href":"https:\/\/perspective-productions.com\/index.php\/wp-json\/wp\/v2\/pages\/639\/revisions"}],"predecessor-version":[{"id":763,"href":"https:\/\/perspective-productions.com\/index.php\/wp-json\/wp\/v2\/pages\/639\/revisions\/763"}],"wp:attachment":[{"href":"https:\/\/perspective-productions.com\/index.php\/wp-json\/wp\/v2\/media?parent=639"}],"curies":[{"name":"wp","href":"https:\/\/api.w.org\/{rel}","templated":true}]}}