{"id":282,"date":"2023-11-24T15:03:43","date_gmt":"2023-11-24T14:03:43","guid":{"rendered":"http:\/\/perspective-productions.com\/?page_id=282"},"modified":"2025-09-15T12:29:12","modified_gmt":"2025-09-15T10:29:12","slug":"enfantillages-de-leonore-confino","status":"publish","type":"page","link":"https:\/\/perspective-productions.com\/index.php\/enfantillages-de-leonore-confino\/","title":{"rendered":"Enfantillages, by L\u00e9onore Confino"},"content":{"rendered":"\n<h4 class=\"has-text-align-center wp-block-heading\">Discover <em>Enfantillages<\/em> by L\u00e9onore Confino<\/h4>\n\n\n\n<figure class=\"wp-block-embed-youtube wp-block-embed is-type-video is-provider-youtube wp-embed-aspect-16-9 wp-has-aspect-ratio\"><div class=\"wp-block-embed__wrapper\">\n<iframe loading=\"lazy\" title=\"Trailer Enfantillages with english subtitles\" width=\"750\" height=\"422\" src=\"https:\/\/www.youtube.com\/embed\/tRTEMe5Y0WE?feature=oembed\" frameborder=\"0\" allow=\"accelerometer; autoplay; clipboard-write; encrypted-media; gyroscope; picture-in-picture; web-share\" referrerpolicy=\"strict-origin-when-cross-origin\" allowfullscreen><\/iframe>\n<\/div><\/figure>\n\n\n\n<div class=\"wp-block-image\"><figure class=\"aligncenter size-large\"><img loading=\"lazy\" decoding=\"async\" width=\"732\" height=\"1024\" src=\"https:\/\/perspective-productions.com\/wp-content\/uploads\/2025\/09\/ENFANTILLAGES-0925-732x1024.png\" alt=\"\" class=\"wp-image-590\" srcset=\"https:\/\/perspective-productions.com\/wp-content\/uploads\/2025\/09\/ENFANTILLAGES-0925-732x1024.png 732w, https:\/\/perspective-productions.com\/wp-content\/uploads\/2025\/09\/ENFANTILLAGES-0925-214x300.png 214w, https:\/\/perspective-productions.com\/wp-content\/uploads\/2025\/09\/ENFANTILLAGES-0925-768x1075.png 768w, https:\/\/perspective-productions.com\/wp-content\/uploads\/2025\/09\/ENFANTILLAGES-0925-1097x1536.png 1097w, https:\/\/perspective-productions.com\/wp-content\/uploads\/2025\/09\/ENFANTILLAGES-0925.png 1429w\" sizes=\"auto, (max-width: 732px) 100vw, 732px\" \/><\/figure><\/div>\n\n\n\n<h3 class=\"has-text-align-center wp-block-heading\">LES BEAUX &#8211; ENFANTILLAGES<\/h3>\n\n\n\n<p class=\"has-text-align-center\"><strong>A play by L\u00e9onore Confino.<\/strong><br>Directed by Alexiane Cazenave with Laura Turcatti and David Meslet. <br>Original music by Guillaume Cazenave.<br>Scenic Design assistant : Delphine Leroux<\/p>\n\n\n\n<p><em>Enfantillages<\/em> tells the story of ELLE (her) and LUI (Him), a couple raising a nonverbal child. The writing is witty and punchy, funny at times, as we are thrown into their struggles as a family, parents and individuals.<\/p>\n\n\n\n<figure class=\"wp-block-gallery columns-3 is-cropped wp-block-gallery-1 is-layout-flex wp-block-gallery-is-layout-flex\"><ul class=\"blocks-gallery-grid\"><li class=\"blocks-gallery-item\"><figure><img loading=\"lazy\" decoding=\"async\" width=\"731\" height=\"1024\" src=\"https:\/\/perspective-productions.com\/wp-content\/uploads\/2024\/05\/Enfantillages-04-731x1024.jpg\" alt=\"\" data-id=\"526\" data-full-url=\"https:\/\/perspective-productions.com\/wp-content\/uploads\/2024\/05\/Enfantillages-04-scaled.jpg\" data-link=\"https:\/\/perspective-productions.com\/index.php\/enfantillages-de-leonore-confino\/enfantillages-04\/\" class=\"wp-image-526\" srcset=\"https:\/\/perspective-productions.com\/wp-content\/uploads\/2024\/05\/Enfantillages-04-731x1024.jpg 731w, https:\/\/perspective-productions.com\/wp-content\/uploads\/2024\/05\/Enfantillages-04-214x300.jpg 214w, https:\/\/perspective-productions.com\/wp-content\/uploads\/2024\/05\/Enfantillages-04-768x1075.jpg 768w, https:\/\/perspective-productions.com\/wp-content\/uploads\/2024\/05\/Enfantillages-04-1097x1536.jpg 1097w, https:\/\/perspective-productions.com\/wp-content\/uploads\/2024\/05\/Enfantillages-04-1463x2048.jpg 1463w, https:\/\/perspective-productions.com\/wp-content\/uploads\/2024\/05\/Enfantillages-04-scaled.jpg 1828w\" sizes=\"auto, (max-width: 731px) 100vw, 731px\" \/><\/figure><\/li><li class=\"blocks-gallery-item\"><figure><img loading=\"lazy\" decoding=\"async\" width=\"732\" height=\"1024\" src=\"https:\/\/perspective-productions.com\/wp-content\/uploads\/2024\/05\/Enfantillages-07-732x1024.jpg\" alt=\"\" data-id=\"531\" data-full-url=\"https:\/\/perspective-productions.com\/wp-content\/uploads\/2024\/05\/Enfantillages-07-scaled.jpg\" data-link=\"https:\/\/perspective-productions.com\/index.php\/enfantillages-de-leonore-confino\/enfantillages-07\/\" class=\"wp-image-531\" srcset=\"https:\/\/perspective-productions.com\/wp-content\/uploads\/2024\/05\/Enfantillages-07-732x1024.jpg 732w, https:\/\/perspective-productions.com\/wp-content\/uploads\/2024\/05\/Enfantillages-07-214x300.jpg 214w, https:\/\/perspective-productions.com\/wp-content\/uploads\/2024\/05\/Enfantillages-07-768x1075.jpg 768w, https:\/\/perspective-productions.com\/wp-content\/uploads\/2024\/05\/Enfantillages-07-1097x1536.jpg 1097w, https:\/\/perspective-productions.com\/wp-content\/uploads\/2024\/05\/Enfantillages-07-1463x2048.jpg 1463w, https:\/\/perspective-productions.com\/wp-content\/uploads\/2024\/05\/Enfantillages-07-scaled.jpg 1829w\" sizes=\"auto, (max-width: 732px) 100vw, 732px\" \/><\/figure><\/li><li class=\"blocks-gallery-item\"><figure><img loading=\"lazy\" decoding=\"async\" width=\"1024\" height=\"731\" src=\"https:\/\/perspective-productions.com\/wp-content\/uploads\/2024\/05\/Enfantillages-03-1-1024x731.jpg\" alt=\"\" data-id=\"532\" data-full-url=\"https:\/\/perspective-productions.com\/wp-content\/uploads\/2024\/05\/Enfantillages-03-1-scaled.jpg\" data-link=\"https:\/\/perspective-productions.com\/index.php\/enfantillages-de-leonore-confino\/enfantillages-03-1\/\" class=\"wp-image-532\" srcset=\"https:\/\/perspective-productions.com\/wp-content\/uploads\/2024\/05\/Enfantillages-03-1-1024x731.jpg 1024w, https:\/\/perspective-productions.com\/wp-content\/uploads\/2024\/05\/Enfantillages-03-1-300x214.jpg 300w, https:\/\/perspective-productions.com\/wp-content\/uploads\/2024\/05\/Enfantillages-03-1-768x549.jpg 768w, https:\/\/perspective-productions.com\/wp-content\/uploads\/2024\/05\/Enfantillages-03-1-1536x1097.jpg 1536w, https:\/\/perspective-productions.com\/wp-content\/uploads\/2024\/05\/Enfantillages-03-1-2048x1463.jpg 2048w\" sizes=\"auto, (max-width: 1024px) 100vw, 1024px\" \/><\/figure><\/li><\/ul><\/figure>\n\n\n\n<figure class=\"wp-block-image size-large\"><img loading=\"lazy\" decoding=\"async\" width=\"1024\" height=\"731\" src=\"http:\/\/perspective-productions.com\/wp-content\/uploads\/2024\/05\/Enfantillages-08-1-1024x731.jpg\" alt=\"\" class=\"wp-image-530\" srcset=\"https:\/\/perspective-productions.com\/wp-content\/uploads\/2024\/05\/Enfantillages-08-1-1024x731.jpg 1024w, https:\/\/perspective-productions.com\/wp-content\/uploads\/2024\/05\/Enfantillages-08-1-300x214.jpg 300w, https:\/\/perspective-productions.com\/wp-content\/uploads\/2024\/05\/Enfantillages-08-1-768x549.jpg 768w, https:\/\/perspective-productions.com\/wp-content\/uploads\/2024\/05\/Enfantillages-08-1-1536x1097.jpg 1536w, https:\/\/perspective-productions.com\/wp-content\/uploads\/2024\/05\/Enfantillages-08-1-2048x1463.jpg 2048w\" sizes=\"auto, (max-width: 1024px) 100vw, 1024px\" \/><\/figure>\n\n\n\n<p class=\"has-text-align-center\">Download our press kits here:<\/p>\n\n\n\n<div class=\"wp-block-columns is-layout-flex wp-container-core-columns-is-layout-9d6595d7 wp-block-columns-is-layout-flex\">\n<div class=\"wp-block-column is-layout-flow wp-block-column-is-layout-flow\">\n<div class=\"wp-block-file\"><a href=\"https:\/\/perspective-productions.com\/wp-content\/uploads\/2024\/04\/Press-Kit-Anglais-3.pdf\">Press-Kit-Anglais<\/a><a href=\"https:\/\/perspective-productions.com\/wp-content\/uploads\/2024\/04\/Press-Kit-Anglais-3.pdf\" class=\"wp-block-file__button\" download>Download<\/a><\/div>\n<\/div>\n\n\n\n<div class=\"wp-block-column is-vertically-aligned-center is-layout-flow wp-block-column-is-layout-flow\">\n<div class=\"wp-block-file\"><a href=\"https:\/\/perspective-productions.com\/wp-content\/uploads\/2024\/04\/Press-Kit-Franc\u0327ais-1-2.pdf\">Press-Kit-Franc\u0327ais<\/a><a href=\"https:\/\/perspective-productions.com\/wp-content\/uploads\/2024\/04\/Press-Kit-Franc\u0327ais-1-2.pdf\" class=\"wp-block-file__button\" download>Download<\/a><\/div>\n<\/div>\n<\/div>\n\n\n\n<hr class=\"wp-block-separator\"\/>\n\n\n\n<h2 class=\"has-text-align-center has-accent-color has-text-color wp-block-heading\">The team<\/h2>\n\n\n\n<figure class=\"wp-block-image size-large\"><img loading=\"lazy\" decoding=\"async\" width=\"1024\" height=\"768\" src=\"https:\/\/perspective-productions.com\/wp-content\/uploads\/2024\/03\/PERSPECTIVE-groupe-avec-logo.png\" alt=\"\" class=\"wp-image-440\" srcset=\"https:\/\/perspective-productions.com\/wp-content\/uploads\/2024\/03\/PERSPECTIVE-groupe-avec-logo.png 1024w, https:\/\/perspective-productions.com\/wp-content\/uploads\/2024\/03\/PERSPECTIVE-groupe-avec-logo-300x225.png 300w, https:\/\/perspective-productions.com\/wp-content\/uploads\/2024\/03\/PERSPECTIVE-groupe-avec-logo-768x576.png 768w\" sizes=\"auto, (max-width: 1024px) 100vw, 1024px\" \/><\/figure>\n\n\n\n<hr class=\"wp-block-separator\"\/>\n\n\n\n<div class=\"wp-block-media-text alignwide is-stacked-on-mobile is-image-fill\" style=\"grid-template-columns:29% auto\"><figure class=\"wp-block-media-text__media\" style=\"background-image:url(http:\/\/perspective-productions.com\/wp-content\/uploads\/2024\/04\/Laura-New-Headshot-2-819x1024.jpeg);background-position:50% 50%\"><img loading=\"lazy\" decoding=\"async\" width=\"819\" height=\"1024\" src=\"http:\/\/perspective-productions.com\/wp-content\/uploads\/2024\/04\/Laura-New-Headshot-2-819x1024.jpeg\" alt=\"\" class=\"wp-image-496\" srcset=\"https:\/\/perspective-productions.com\/wp-content\/uploads\/2024\/04\/Laura-New-Headshot-2-819x1024.jpeg 819w, https:\/\/perspective-productions.com\/wp-content\/uploads\/2024\/04\/Laura-New-Headshot-2-240x300.jpeg 240w, https:\/\/perspective-productions.com\/wp-content\/uploads\/2024\/04\/Laura-New-Headshot-2-768x960.jpeg 768w, https:\/\/perspective-productions.com\/wp-content\/uploads\/2024\/04\/Laura-New-Headshot-2.jpeg 1080w\" sizes=\"auto, (max-width: 819px) 100vw, 819px\" \/><\/figure><div class=\"wp-block-media-text__content\">\n<h4 class=\"has-accent-color has-text-color wp-block-heading\"><strong>Laura&nbsp;Turcatti<\/strong> &#8211; actor<\/h4>\n\n\n\n<p><strong>Laura<\/strong> is &#8220;Elle&#8221; in the play <em>Enfantillages<\/em> by L\u00e9onore Confino. She lives in London and is Swiss-Urugayan.<\/p>\n\n\n\n<p>Laura graduated from the prestigious Cours Florent (classe libre) in 2012. She got to work with various directors like Philippe Duclos (Tartuffe by Moli\u00e8re), Laurent Natrella (adaption of Victor Hugo&#8217;s plays,) Les poss\u00e9d\u00e9s collective, (Stilla Vaten by Lars Nor\u00e9n\u00e0) or with Hugo Horsin, for La Fabrique, a creation mixing clown and music, awarded many times.<\/p>\n\n\n\n<p>Laura has always explored different acting styles during her career. She is passionate about improv and is a part of the popular French British Improvisation league (FBI). She represented Switzerland at the international improv match which took place in London in 2023.<\/p>\n\n\n\n<p>Laura is one of the cofounder of Onzala Collective (film productions). Their film <em>100 Lendemains<\/em> won 4 awards at the 48h film festival UK, including best actress, for Laura. <\/p>\n\n\n\n<p>Recently, Laura has appeared on the popular french TV series \u201c Sc\u00e8nes de M\u00e9nages\u201d.<\/p>\n<\/div><\/div>\n\n\n\n<hr class=\"wp-block-separator\"\/>\n\n\n\n<div class=\"wp-block-media-text alignwide is-stacked-on-mobile is-image-fill\" style=\"grid-template-columns:29% auto\"><figure class=\"wp-block-media-text__media\" style=\"background-image:url(https:\/\/perspective-productions.com\/wp-content\/uploads\/2023\/11\/WhatsApp-Image-2023-11-21-at-20.28.49-1-683x1024.jpeg);background-position:24% 41%\"><img loading=\"lazy\" decoding=\"async\" width=\"683\" height=\"1024\" src=\"https:\/\/perspective-productions.com\/wp-content\/uploads\/2023\/11\/WhatsApp-Image-2023-11-21-at-20.28.49-1-683x1024.jpeg\" alt=\"\" class=\"wp-image-287\" srcset=\"https:\/\/perspective-productions.com\/wp-content\/uploads\/2023\/11\/WhatsApp-Image-2023-11-21-at-20.28.49-1-683x1024.jpeg 683w, https:\/\/perspective-productions.com\/wp-content\/uploads\/2023\/11\/WhatsApp-Image-2023-11-21-at-20.28.49-1-200x300.jpeg 200w, https:\/\/perspective-productions.com\/wp-content\/uploads\/2023\/11\/WhatsApp-Image-2023-11-21-at-20.28.49-1-768x1151.jpeg 768w, https:\/\/perspective-productions.com\/wp-content\/uploads\/2023\/11\/WhatsApp-Image-2023-11-21-at-20.28.49-1.jpeg 1024w\" sizes=\"auto, (max-width: 683px) 100vw, 683px\" \/><\/figure><div class=\"wp-block-media-text__content\">\n<h4 class=\"has-accent-color has-text-color wp-block-heading\">David Meslet &#8211; actor<\/h4>\n\n\n\n<p><strong><strong>David<\/strong> <\/strong>is &#8220;Lui&#8221; in the play <em>Enfantillages<\/em> by L\u00e9onore Confino. He is from Lyon and graduated from the Ecole de Management de Lyon, Programme Grande Ecole.<\/p>\n\n\n\n<p>He is a Meisner-trained Actor (with Keith Farquahar). He also trained in   Method Acting with Robert Castle from the Lee Strasberg Theatre and Film Institute in New York.<\/p>\n\n\n\n<p>On stage, he performed in a lot of improv shows and is a founder of the Royal Gambas team and the Equipe Bis. He teaches improv in a theatre school and a musical theatre school.<\/p>\n\n\n\n<p>David joined the popular French British Improvisation league (FBI) when he moved to London and founded the long-form improv company Valet de coeur. <\/p>\n\n\n\n<p>David has appeared in two independent feature films in which he was the lead actor. He was nominated in the Best Actor Category at the 48H Film Festival UK for the film <em>100 Lendemains.<\/em><\/p>\n\n\n\n<p>David is also a voice actor and has been the French voice of Russell Crowe and Dominic Purcell.<\/p>\n<\/div><\/div>\n\n\n\n<hr class=\"wp-block-separator\"\/>\n\n\n\n<div class=\"wp-block-media-text alignwide is-stacked-on-mobile is-image-fill\" style=\"grid-template-columns:29% auto\"><figure class=\"wp-block-media-text__media\" style=\"background-image:url(https:\/\/perspective-productions.com\/wp-content\/uploads\/2023\/11\/Alexiane-Cazenave-2-682x1024.jpg);background-position:46% 12%\"><img loading=\"lazy\" decoding=\"async\" width=\"682\" height=\"1024\" src=\"https:\/\/perspective-productions.com\/wp-content\/uploads\/2023\/11\/Alexiane-Cazenave-2-682x1024.jpg\" alt=\"\" class=\"wp-image-285\" srcset=\"https:\/\/perspective-productions.com\/wp-content\/uploads\/2023\/11\/Alexiane-Cazenave-2-682x1024.jpg 682w, https:\/\/perspective-productions.com\/wp-content\/uploads\/2023\/11\/Alexiane-Cazenave-2-200x300.jpg 200w, https:\/\/perspective-productions.com\/wp-content\/uploads\/2023\/11\/Alexiane-Cazenave-2-768x1152.jpg 768w, https:\/\/perspective-productions.com\/wp-content\/uploads\/2023\/11\/Alexiane-Cazenave-2.jpg 963w\" sizes=\"auto, (max-width: 682px) 100vw, 682px\" \/><\/figure><div class=\"wp-block-media-text__content\">\n<h4 class=\"has-accent-color has-text-color wp-block-heading\">Alexiane Cazenave &#8211; director<\/h4>\n\n\n\n<p><strong>Alexiane<\/strong> is an actor\/director from France. She moved to London in 2012.<\/p>\n\n\n\n<p>First trained as a classical actor, she finally specialises in the Meisner technique, exploring on the way Mime, Commedia Dell Arte or No theatre. Those various approaches to acting and stage work now influence her practice as a director. <\/p>\n\n\n\n<p>Today, Alexiane is in charge of the theatre department of ArtFabric London, for which she teaches theatre in French around London and directs plays all year round.<\/p>\n\n\n\n<p>Recently, she has directed <em>Dear Humans<\/em>, by Simon Wroe, which was performed at the Cadogan Hall in May 2023 and is now working on another show &#8220;Caff\u00e8 L\u00e9onardo&#8221; to be performed at the Cadogan Hall in May 2024.<\/p>\n<\/div><\/div>\n\n\n\n<hr class=\"wp-block-separator\"\/>\n\n\n\n<div class=\"wp-block-media-text alignwide is-stacked-on-mobile is-image-fill\" style=\"grid-template-columns:28% auto\"><figure class=\"wp-block-media-text__media\" style=\"background-image:url(http:\/\/perspective-productions.com\/wp-content\/uploads\/2024\/04\/Guillaume-portrait-2-724x1024.png);background-position:50% 50%\"><img loading=\"lazy\" decoding=\"async\" width=\"724\" height=\"1024\" src=\"http:\/\/perspective-productions.com\/wp-content\/uploads\/2024\/04\/Guillaume-portrait-2-724x1024.png\" alt=\"\" class=\"wp-image-462\" srcset=\"https:\/\/perspective-productions.com\/wp-content\/uploads\/2024\/04\/Guillaume-portrait-2-724x1024.png 724w, https:\/\/perspective-productions.com\/wp-content\/uploads\/2024\/04\/Guillaume-portrait-2-212x300.png 212w, https:\/\/perspective-productions.com\/wp-content\/uploads\/2024\/04\/Guillaume-portrait-2-768x1086.png 768w, https:\/\/perspective-productions.com\/wp-content\/uploads\/2024\/04\/Guillaume-portrait-2-1086x1536.png 1086w, https:\/\/perspective-productions.com\/wp-content\/uploads\/2024\/04\/Guillaume-portrait-2.png 1414w\" sizes=\"auto, (max-width: 724px) 100vw, 724px\" \/><\/figure><div class=\"wp-block-media-text__content\">\n<h4 class=\"has-accent-color has-text-color wp-block-heading\">Guillaume Cazenave &#8211; Composer<\/h4>\n\n\n\n<p>For over 25 years, Guillaume has worked as a composer both on his personal projects (he has made several albums, juggling with styles and concepts) and commercial projects (corporate films, commercials, video games, films).<\/p>\n\n\n\n<p>His music could be described as an ongoing research of new atmospheres and sound textures. <\/p>\n\n\n\n<p>Guillaume is also an author, and his next novel, &#8220;Ma&#8221; a fantasy saga, is soon to be published.<\/p>\n\n\n\n<p><a href=\"https:\/\/theoddgallant.com\/\">Discover more about Guillaume&#8217;s work here.<\/a><\/p>\n<\/div><\/div>\n\n\n\n<h2 class=\"has-text-align-center has-accent-color has-text-color wp-block-heading\">About the author <\/h2>\n\n\n\n<div class=\"wp-block-media-text alignwide is-stacked-on-mobile is-image-fill\" style=\"grid-template-columns:29% auto\"><figure class=\"wp-block-media-text__media\" style=\"background-image:url(https:\/\/perspective-productions.com\/wp-content\/uploads\/2023\/11\/leonoreconfino-1024x684.jpeg);background-position:50% 50%\"><img loading=\"lazy\" decoding=\"async\" width=\"1024\" height=\"684\" src=\"https:\/\/perspective-productions.com\/wp-content\/uploads\/2023\/11\/leonoreconfino-1024x684.jpeg\" alt=\"Photo \u00a9 Sarah Robine\n\" class=\"wp-image-369\" srcset=\"https:\/\/perspective-productions.com\/wp-content\/uploads\/2023\/11\/leonoreconfino-1024x684.jpeg 1024w, https:\/\/perspective-productions.com\/wp-content\/uploads\/2023\/11\/leonoreconfino-300x200.jpeg 300w, https:\/\/perspective-productions.com\/wp-content\/uploads\/2023\/11\/leonoreconfino-768x513.jpeg 768w, https:\/\/perspective-productions.com\/wp-content\/uploads\/2023\/11\/leonoreconfino-360x240.jpeg 360w, https:\/\/perspective-productions.com\/wp-content\/uploads\/2023\/11\/leonoreconfino.jpeg 1444w\" sizes=\"auto, (max-width: 1024px) 100vw, 1024px\" \/><\/figure><div class=\"wp-block-media-text__content\">\n<h4 class=\"has-accent-color has-text-color wp-block-heading\">L\u00e9onore Confino<\/h4>\n\n\n\n<p>Writer and actor, L\u00e9onore Confino, ran away at the age of 16 to Montreal to perfect her skills in trapeze.&nbsp; On her return, she embarked on an acting career as well as studying documentary filming at l\u2019Esec.&nbsp; In 2001 she was selected by the Adami as one of the most promising young talents and appeared in a Tchekhov play directed by Niels Arestrup.&nbsp; She went on to work with Jean-Claude Penchenat, Serge Lipszyc, Catherine Schaub. She was prompted to write during her work on various assignments observing her surroundings, people, situations and the desire to write full-time was confirmed by her discovery of Levin, Schisgal, Pinter, Schimmelpfennig. In 2009 she started writing a triptych, the first of which was entitled RING, then BUILDING in 2010 in which she studies our daily failures and weaknesses.&nbsp;&nbsp; BUILDING was awarded the Grand Prix du th\u00e9\u00e2tre 2011.&nbsp; She then went on to write the third play of the trypitch entitled LES UNS SUR LES AUTRES about a family and the relationship between each member.&nbsp; All three plays were directed by Catherine Schaub and were published by l\u2019\u0153il du Prince.<br>RING was nominated for Best Author during the Moli\u00e8res ceremony in 2014.<\/p>\n\n\n\n<p>Photo \u00a9 Sarah Robine<\/p>\n<\/div><\/div>\n\n\n\n<hr class=\"wp-block-separator\"\/>\n\n\n\n<h2 class=\"has-accent-color has-text-color wp-block-heading\">What <span class=\"has-inline-color has-accent-color\">the audience says:<\/span><\/h2>\n\n\n\n<blockquote class=\"wp-block-quote is-layout-flow wp-block-quote-is-layout-flow\"><p>Fantastic<\/p><cite>Diego<\/cite><\/blockquote>\n\n\n\n<blockquote class=\"wp-block-quote is-layout-flow wp-block-quote-is-layout-flow\"><p>Un vrai et beau tourbillon, \u00e0 ne pas manquer, vraiment.<\/p><cite>&#8220;A beautiful whirlwind, not to be missed.&#8221;<br>Nico<\/cite><\/blockquote>\n\n\n\n<div class=\"wp-block-image\"><figure class=\"aligncenter is-resized\"><a href=\"https:\/\/perspective-productions.com\/index.php\/2024\/05\/06\/enfantillages-leave-a-review\/\"><img loading=\"lazy\" decoding=\"async\" src=\"https:\/\/static.vecteezy.com\/system\/resources\/previews\/020\/539\/492\/non_2x\/five-stars-rating-button-yellow-rating-stars-on-white-background-free-vector.jpg\" alt=\"Five Star Rating Vector Art, Icons, and Graphics for Free Download\" width=\"257\" height=\"87\"\/><\/a><\/figure><\/div>\n\n\n\n<p class=\"has-text-align-center\"><a href=\"https:\/\/perspective-productions.com\/index.php\/2024\/05\/06\/enfantillages-leave-a-review\/\" data-type=\"post\" data-id=\"503\">Check all the audience reviews here<\/a><\/p>\n\n\n\n<hr class=\"wp-block-separator\"\/>\n\n\n\n<p class=\"has-text-align-center\"><\/p>\n","protected":false},"excerpt":{"rendered":"<p>Discover Enfantillages by L\u00e9onore Confino LES BEAUX &#8211; ENFANTILLAGES A play by L\u00e9onore Confino.Directed by Alexiane Cazenave with Laura Turcatti and David Meslet. Original music by Guillaume Cazenave.Scenic Design assistant : Delphine Leroux Enfantillages tells the story of ELLE (her) and LUI (Him), a couple raising a nonverbal child. The [&hellip;]<\/p>\n","protected":false},"author":1,"featured_media":0,"parent":0,"menu_order":0,"comment_status":"closed","ping_status":"closed","template":"","meta":{"footnotes":""},"class_list":["post-282","page","type-page","status-publish","hentry"],"_links":{"self":[{"href":"https:\/\/perspective-productions.com\/index.php\/wp-json\/wp\/v2\/pages\/282","targetHints":{"allow":["GET"]}}],"collection":[{"href":"https:\/\/perspective-productions.com\/index.php\/wp-json\/wp\/v2\/pages"}],"about":[{"href":"https:\/\/perspective-productions.com\/index.php\/wp-json\/wp\/v2\/types\/page"}],"author":[{"embeddable":true,"href":"https:\/\/perspective-productions.com\/index.php\/wp-json\/wp\/v2\/users\/1"}],"replies":[{"embeddable":true,"href":"https:\/\/perspective-productions.com\/index.php\/wp-json\/wp\/v2\/comments?post=282"}],"version-history":[{"count":55,"href":"https:\/\/perspective-productions.com\/index.php\/wp-json\/wp\/v2\/pages\/282\/revisions"}],"predecessor-version":[{"id":591,"href":"https:\/\/perspective-productions.com\/index.php\/wp-json\/wp\/v2\/pages\/282\/revisions\/591"}],"wp:attachment":[{"href":"https:\/\/perspective-productions.com\/index.php\/wp-json\/wp\/v2\/media?parent=282"}],"curies":[{"name":"wp","href":"https:\/\/api.w.org\/{rel}","templated":true}]}}